. Let b be k(-1). List the prime factors of l(b).
2, 3
Let z = 595 + -338. List the prime factors of z.
257
Let z = 12 + -9. Suppose -5*v - z*a = -a + 52, 44 = -5*v - 4*a. What are the prime factors of (-64)/v*(-30)/(-8)?
2, 5
Suppose -3*z - 267 = -6*z. What are the prime factors of z?
89
Suppose 4*x + 148 = 8*x. List the prime factors of x.
37
Let c = -5 - -8. Suppose -a + c = -23. List the prime factors of a.
2, 13
Suppose h + h - 242 = 0. List the prime factors of h.
11
Suppose 3*j = 171 + 93. Suppose 4*f - j = 24. Let o = 39 - f. List the prime factors of o.
11
Let g = 11 + -11. Let t(d) = d**3 - d + 12. What are the prime factors of t(g)?
2, 3
List the prime factors of (12 - -9) + 1*-4.
17
Suppose 4*j - j = 12. Suppose -j*d + 166 = -5*v + 51, 5*d = -2*v + 152. Let y = d - 17. What are the prime factors of y?
13
Suppose o - 45 = -3*b, 13 = 2*b - o - 4*o. Let k = b - 8. What are the prime factors of k?
2, 3
Let z(i) = i**3 + 14*i**2 - 17*i - 21. What are the prime factors of z(-15)?
3
Suppose -y - 2 + 10 = 0. Suppose 4*f - 2*l = 22, -5*l - y = -3*f + 26. List the prime factors of f.
3
Suppose -6*s + s = 5*q - 415, -5*q + 87 = s. What are the prime factors of s?
2, 41
Suppose -2*l + 3*b = 1 + 6, -2*l - 2 = -2*b. Let p be (-3 - -1) + 4 + 1. Suppose 0 = -0*g - g - l*s - 9, 0 = -s - p. What are the prime factors of g?
3
List the prime factors of ((-28)/35)/(12/(-10))*3.
2
Suppose 0 = 4*c + 3*t - 46, -4*c + 13 = 5*t - 29. What are the prime factors of c?
13
Let g(f) = f**3 - 12*f**2 - 19*f - 6. List the prime factors of g(14).
2, 3, 5
Suppose 0 = 4*z + 4*a - 16, 3*a + 12 = 3*z - a. Let l be (3/(-4))/(z/(-48)). What are the prime factors of 1 + (l/(-3) - -17)?
3, 5
Let m(f) = -6*f**2 + 15*f - 1. Let p(q) = q**2 - q + 1. Let v(u) = m(u) + 5*p(u). List the prime factors of v(5).
29
Let l(w) = w**2 + 5*w - 4. Let t be l(-6). Let x = t - -1. What are the prime factors of x?
3
Let p(f) = 13*f**2 - f + 7. What are the prime factors of p(-3)?
127
Let z = 17 - 12. Suppose 0 = z*a - 51 - 124. What are the prime factors of a?
5, 7
Suppose 9 + 85 = 2*y. What are the prime factors of y?
47
Suppose -3*s + 13*s - 2050 = 0. List the prime factors of s.
5, 41
Suppose -6*q + 462 = -3*q. List the prime factors of q.
2, 7, 11
What are the prime factors of -1*(1/(-2) + (-1239)/14)?
89
Let n(g) = 2*g**2 + 7*g + 5. Let k be n(-5). Suppose -4*t - k = 0, -r - 25 = 3*r + 5*t. Suppose r = -0*l - 3*l + 51. List the prime factors of l.
17
Let a(z) be the second derivative of z**4/6 - 4*z**3/3 + z**2 - z. What are the prime factors of a(6)?
2, 13
Let g(y) = y**2 + y - 1. Let r be g(-3). Suppose r*i - 17 = -o, 5 + 8 = o + 3*i. What are the prime factors of o?
7
Suppose -3*r - 3*k = -6*k, 3*r + 3*k = 24. Let o = r - 0. What are the prime factors of o?
2
Let y(c) = -29*c. Let l be y(3). What are the prime factors of 6/4 + l/(-6)?
2
Let j be 2/6*-1*-12. Let a = j + -2. List the prime factors of a.
2
Let k = -5 + 7. Let w = k + -3. Let x = 4 + w. List the prime factors of x.
3
Suppose 0*v - 24 = -2*v. Suppose 5*j = -3*r - 2 + 30, 5*r = -4*j + v. List the prime factors of j.
2
Let n(p) be the first derivative of p**4/4 + 8*p**3/3 - p**2 - 5*p + 3. What are the prime factors of n(-8)?
11
Let d = 116 + -69. What are the prime factors of d?
47
Let a(r) = r**2 - 4*r + 5. Let i be a(4). Suppose -5*n + 5 - 10 = 4*d, -i*d + 10 = 3*n. Let v = 2 - n. List the prime factors of v.
7
Suppose 0 = -2*x + 6*x. Let u = x + 17. What are the prime factors of u?
17
Let a(j) = j - 3. Let p be a(-4). Let u(r) be the first derivative of r**4/4 + 8*r**3/3 + 7*r**2/2 + 3*r - 6. List the prime factors of u(p).
3
Let f = 24 - 4. What are the prime factors of f?
2, 5
List the prime factors of (2 + (-25)/(-10))*2.
3
Suppose 4*t = -2*s + 2, 2*t - 12 = -2*t. Let a be 1/s - (-22)/10. Suppose -a*q + 9 = -11. What are the prime factors of q?
2, 5
Let c(u) = -u**3 + u + 1. Let z be c(-1). Let v be (4 + -9)/(z/(-4)). Suppose 4*n - v = -4*p, 4*n - p = 4 + 1. What are the prime factors of n?
2
Suppose -5*j - 3*t = -56 + 19, -5*j + 4*t = -9. What are the prime factors of j?
5
Let w(l) = l**3 + 9*l**2 - 11*l - 7. Let s be w(-10). Suppose -2*y = s - 7. Suppose -2*i - 2*k + 10 = y*k, 4*k - 24 = -4*i. What are the prime factors of i?
7
Let y(c) = -2*c**3 - 2*c**2 + 2*c + 2. Let p be y(-2). Suppose 4*q = 2 + p. Suppose 48 = q*a + a. What are the prime factors of a?
2
Let h be 198/24 - 1/4. Let j = h - -6. List the prime factors of j.
2, 7
Let s(v) = v**3 + 12*v**2 - 13*v + 3. Let t be s(-13). Suppose t - 14 = -u. What are the prime factors of u?
11
Let p be (-855)/(-12) + (-2)/8. Suppose -3*o + 211 = -p. What are the prime factors of o/6 + (-2)/(-6)?
2
Let x(b) = 4*b**2 - 1 + 7*b**2 + 6*b**2. What are the prime factors of x(-1)?
2
Suppose 3*h - 27 = -0*h. List the prime factors of h.
3
Let y(i) = -18*i**2. Let v be 1 + 0*(-2 - -1). Let b be y(v). What are the prime factors of (-32)/b - (-8)/36?
2
Let p = 10 - 8. Suppose -2*m + 94 = 4*i, -104 = p*i - 6*i - 4*m. What are the prime factors of i?
3, 7
Let t be (-141)/(-6) + (-4)/(-8). Let d = t - 11. List the prime factors of d.
13
Let n be (-4 - (-2 + 0))/(-2). Suppose 2*q - 5 - n = 0. Suppose 2*d = q*d - 5. What are the prime factors of d?
5
Let l = 14 - 10. Let q be 6/2 + -2 - 1. Suppose q*n - 64 = -l*n. What are the prime factors of n?
2
Suppose -4*f - 3*m + 22 = -5*m, 0 = -2*m - 10. Suppose f*a = -a + 116. What are the prime factors of a?
29
Suppose -4*a + 10*a = 186. What are the prime factors of a?
31
Suppose 7*b - 620 = 2*b. What are the prime factors of b?
2, 31
Suppose -124 = -4*z + 4*n, 3*z + 0*z - 78 = -2*n. Let i = 75 - z. What are the prime factors of i?
47
Suppose 4*k = -3*c - 62, -5*k - 41 - 23 = -3*c. Let x be 2/((-57)/63 - -1). Let n = x + k. What are the prime factors of n?
7
Let o be (-4)/1*10/20. What are the prime factors of o/(-11) - 62/(-22)?
3
Let f = -70 - -168. What are the prime factors of f?
2, 7
Let k be (-15)/4*(-32)/6. Let a = -12 + k. Let h = 15 - a. What are the prime factors of h?
7
Let g(a) = -a. Let s(u) = 2*u - 8. Let x(n) = -3*g(n) - s(n). List the prime factors of x(7).
3, 5
Suppose l - 16 = -3*l. Suppose -4*p - l*x - 48 = 0, -6*x = 4*p - 4*x + 40. Let y(i) = i**2 + 6*i - 9. List the prime factors of y(p).
7
Let d = 5 + 2. Suppose 2*g = -g - 3. Let r = d - g. List the prime factors of r.
2
Let p(j) = -10*j + 3. List the prime factors of p(-3).
3, 11
Suppose 5*b - 72 = 2*z, -b - 5*z = -55 + 19. Suppose 0*w + 5*j = -2*w - 11, 2*j + 14 = 4*w. Suppose 0*u = w*u - b. List the prime factors of u.
2
Suppose -119 = -5*j + 141. Let x be (j/(-6))/(2/(-3)). Let k = x - 9. What are the prime factors of k?
2
Let n = 24 + -4. What are the prime factors of n?
2, 5
Suppose 6*d - 9 = 5*d. What are the prime factors of d?
3
Suppose 0 = -3*d - 3*h + 2*h - 2, 2*h + 4 = -d. Suppose d*a + a = 0. Suppose 3*n - 6*n + 12 = a. What are the prime factors of n?
2
Suppose 5*w = 17 - 2. Suppose -8 = 2*l - w*l. What are the prime factors of 2/(-8) - (-58)/l?
7
Suppose 82 - 10 = 4*l. What are the prime factors of (420/l)/((-2)/(-3))?
5, 7
Let s(v) = -v**2 - v + 4. Let l be s(-3). Let t(q) = -83*q - 1. Let f be t(l). List the prime factors of f/9 - (-6)/9.
19
Let h = -84 + 124. What are the prime factors of h?
2, 5
Suppose 0 = -5*d - t + 26, -4 = -d - 5*t - 18. What are the prime factors of (-32)/d*15/(-4)?
2, 5
Suppose 2*c = 8*c - 30. Suppose 4*a = 2*a + 4. Suppose -z + a = -c. What are the prime factors of z?
7
Let p(f) be the first derivative of -1/4*f**4 + 1 + f**2 + 2*f**3 - 7*f. List the prime factors of p(6).
5
Let k(h) be the second derivative of -h**5/20 + h**4/12 + 2*h. Let w be k(-3). Suppose -w = -2*c + 5*n, -n + 37 = 3*c - 0*n. List the prime factors of c.
13
Let u(d) = -d**3 - 6*d**2 + 7*d + 7. Let h be (6/(-9))/(2/(-15)). Suppose -19 = 2*w - h. List the prime factors of u(w).
7
Let s(r) = 12*r - 3*r**2 + 2*r**2 - 4 - 5*r. What are the prime factors of s(3)?
2
Let v(t) = -7*t - 5. Let p be v(-7). Suppose p = 3*q + j, 0 = 5*q + j - 25 - 47. What are the prime factors of q?
2, 7
List the prime factors of 10/(-8)*(3 - 11).
2, 5
Let o(f) = 6*f**3 + 2*f**2 - f + 6. What are the prime factors of o(3)?
3, 61
Let y(r) be the second derivative of 0 - 3/2*r**2 